{"id":1462,"date":"2023-02-16T12:32:43","date_gmt":"2023-02-16T15:32:43","guid":{"rendered":"https:\/\/aluguefesta.net.br\/?post_type=product&#038;p=1462"},"modified":"2025-11-08T13:15:24","modified_gmt":"2025-11-08T16:15:24","slug":"prato-ceramica-branco-26cm-refeicao","status":"publish","type":"product","link":"https:\/\/aluguefesta.net.br\/index.php\/produto\/prato-ceramica-branco-26cm-refeicao\/","title":{"rendered":"Prato Branco  REFEI\u00c7\u00c3O opaline"},"content":{"rendered":"<p>Ideal para : ALMO\u00c7O\/JANTAR<\/p>\n<p>Tam :24cm<\/p>\n<p>&nbsp;<\/p>\n<p>&nbsp;<\/p>\n","protected":false},"excerpt":{"rendered":"<p>Ideal para : ALMO\u00c7O\/JANTAR Tam :24cm &nbsp; &nbsp;<\/p>\n","protected":false},"featured_media":1463,"template":"","meta":[],"_links":{"self":[{"href":"https:\/\/aluguefesta.net.br\/index.php\/wp-json\/wp\/v2\/product\/1462"}],"collection":[{"href":"https:\/\/aluguefesta.net.br\/index.php\/wp-json\/wp\/v2\/product"}],"about":[{"href":"https:\/\/aluguefesta.net.br\/index.php\/wp-json\/wp\/v2\/types\/product"}],"wp:featuredmedia":[{"embeddable":true,"href":"https:\/\/aluguefesta.net.br\/index.php\/wp-json\/wp\/v2\/media\/1463"}],"wp:attachment":[{"href":"https:\/\/aluguefesta.net.br\/index.php\/wp-json\/wp\/v2\/media?parent=1462"}],"curies":[{"name":"wp","href":"https:\/\/api.w.org\/{rel}","templated":true}]}}