{"id":1532,"date":"2023-05-23T02:23:39","date_gmt":"2023-05-23T05:23:39","guid":{"rendered":"https:\/\/aluguefesta.net.br\/?post_type=product&#038;p=1532"},"modified":"2024-05-14T21:56:45","modified_gmt":"2024-05-15T00:56:45","slug":"lixeira-padrao-anvisa-50-litros-branca","status":"publish","type":"product","link":"https:\/\/aluguefesta.net.br\/index.php\/produto\/lixeira-padrao-anvisa-50-litros-branca\/","title":{"rendered":"Lixeira Padr\u00e3o Anvisa 50 litros Branca"},"content":{"rendered":"<p>Leve, at\u00f3xica e de f\u00e1cil limpeza, nossas lixeiras ficam 100% vedadas quando a tampa est\u00e1 fechada.<br \/>\nA Lixeira com pedal 50L resiste a impactos e repetidas lavagens, o que permite a utiliza\u00e7\u00e3o em diversos ambientes, inclusive o dom\u00e9stico.<\/p>\n<p>UTILIZA\u00c7\u00d5ES<br \/>\n&#8211; Coleta seletiva<br \/>\n&#8211; Lanchonetes<br \/>\n&#8211; Restaurantes<br \/>\n&#8211; Shoppings, condom\u00ednios, clubes<br \/>\n&#8211; Escolas e universidades<br \/>\n&#8211; Estabelecimentos comerciais e industriais.<\/p>\n<p>MODELO<br \/>\nLIXEIRA COM PEDAL 50L<\/p>\n<p>MEDIDAS<br \/>\nCOMPRIMENTO BASE: 21cm<br \/>\nLARGURA BASE: 33cm<br \/>\nLARGURA TAMPA: 45,5cm<br \/>\nCOMPRIMENTO TAMPA: 35cm<br \/>\nALTURA: 70,5cm<\/p>\n<p>CAPACIDADE<br \/>\n50 Litros<\/p>\n","protected":false},"excerpt":{"rendered":"<p>Leve, at\u00f3xica e de f\u00e1cil limpeza, nossas lixeiras ficam 100% vedadas quando a tampa est\u00e1 fechada.<br \/>\nA Lixeira com pedal 50L resiste a impactos e repetidas lavagens, o que permite a utiliza\u00e7\u00e3o em diversos ambientes, inclusive o dom\u00e9stico.<\/p>\n<p>UTILIZA\u00c7\u00d5ES<br \/>\n&#8211; Coleta seletiva<br \/>\n&#8211; Lanchonetes<br \/>\n&#8211; Restaurantes<br \/>\n&#8211; Shoppings, condom\u00ednios, clubes<br \/>\n&#8211; Escolas e universidades<br \/>\n&#8211; Estabelecimentos comerciais e industriais.<\/p>\n<p>MODELO<br \/>\nLIXEIRA COM PEDAL 50L<\/p>\n<p>MEDIDAS<br \/>\nCOMPRIMENTO BASE: 21cm<br \/>\nLARGURA BASE: 33cm<br \/>\nLARGURA TAMPA: 45,5cm<br \/>\nCOMPRIMENTO TAMPA: 35cm<br \/>\nALTURA: 70,5cm<\/p>\n<p>CAPACIDADE<br \/>\n50 Litros<\/p>\n","protected":false},"featured_media":1536,"template":"","meta":[],"_links":{"self":[{"href":"https:\/\/aluguefesta.net.br\/index.php\/wp-json\/wp\/v2\/product\/1532"}],"collection":[{"href":"https:\/\/aluguefesta.net.br\/index.php\/wp-json\/wp\/v2\/product"}],"about":[{"href":"https:\/\/aluguefesta.net.br\/index.php\/wp-json\/wp\/v2\/types\/product"}],"wp:featuredmedia":[{"embeddable":true,"href":"https:\/\/aluguefesta.net.br\/index.php\/wp-json\/wp\/v2\/media\/1536"}],"wp:attachment":[{"href":"https:\/\/aluguefesta.net.br\/index.php\/wp-json\/wp\/v2\/media?parent=1532"}],"curies":[{"name":"wp","href":"https:\/\/api.w.org\/{rel}","templated":true}]}}