{"id":190,"date":"2020-07-26T00:04:36","date_gmt":"2020-07-26T03:04:36","guid":{"rendered":"https:\/\/aluguefesta.net.br\/?post_type=product&#038;p=190"},"modified":"2024-12-18T00:34:37","modified_gmt":"2024-12-18T03:34:37","slug":"vaso-de-vidro","status":"publish","type":"product","link":"https:\/\/aluguefesta.net.br\/index.php\/produto\/vaso-de-vidro\/","title":{"rendered":"Vaso Viena"},"content":{"rendered":"<p>Vaso de vidro<\/p>\n<p>Medida 30 cm<\/p>\n<p>Lindo vaso de vidro, medindo 30 cm, indicado para decora\u00e7\u00e3o, para v\u00e1rios tipos de ornamenta\u00e7\u00f5es.<\/p>\n","protected":false},"excerpt":{"rendered":"<p>Vaso de vidro<\/p>\n<p>Medida 30cm<\/p>\n<p>Vaso de vidro\u00a0 indicado para decora\u00e7\u00e3o.<\/p>\n","protected":false},"featured_media":191,"template":"","meta":[],"_links":{"self":[{"href":"https:\/\/aluguefesta.net.br\/index.php\/wp-json\/wp\/v2\/product\/190"}],"collection":[{"href":"https:\/\/aluguefesta.net.br\/index.php\/wp-json\/wp\/v2\/product"}],"about":[{"href":"https:\/\/aluguefesta.net.br\/index.php\/wp-json\/wp\/v2\/types\/product"}],"wp:featuredmedia":[{"embeddable":true,"href":"https:\/\/aluguefesta.net.br\/index.php\/wp-json\/wp\/v2\/media\/191"}],"wp:attachment":[{"href":"https:\/\/aluguefesta.net.br\/index.php\/wp-json\/wp\/v2\/media?parent=190"}],"curies":[{"name":"wp","href":"https:\/\/api.w.org\/{rel}","templated":true}]}}