{"id":2049,"date":"2024-04-17T15:21:51","date_gmt":"2024-04-17T18:21:51","guid":{"rendered":"https:\/\/aluguefesta.net.br\/?post_type=product&#038;p=2049"},"modified":"2025-09-26T17:05:14","modified_gmt":"2025-09-26T20:05:14","slug":"freezer-beer-midea-105-litros-110v","status":"publish","type":"product","link":"https:\/\/aluguefesta.net.br\/index.php\/produto\/freezer-beer-midea-105-litros-110v\/","title":{"rendered":"FREEZER BEER MIDEA  105 LITROS 110v"},"content":{"rendered":"<p><span class=\"sc-kpDqfm qhIEo\" data-testid=\"product-detail-title\">Freezer Industrial Horizontal 1 Porta Midea 105L<\/span><\/p>\n<div class=\"sc-fqkvVR heuZyN sc-bMCYpw iXxAIe\" data-testid=\"product-detail-description\">\n<div class=\"sc-fqkvVR hlqElk sc-ijanKN dqOtee\" data-testid=\"rich-content-container\">Contar com eletrodom\u00e9sticos vers\u00e1teis que auxiliem no armazenamento de alimentos e bebidas seja em casa ou em algum estabelecimento comercial faz toda a diferen\u00e7a no dia a dia n\u00e3o \u00e9 mesmo? Por isso vale a pena conferir o Freezer Horizontal CFA10B1 da Midea. Trata-se de um freezer perfeito para quem quer preservar alimentos resfriados, conservados ou congelados de forma r\u00e1pida. Possui cesto aramado para melhor organiza\u00e7\u00e3o de seus alimentos. Gra\u00e7as a versatilidade de suas fun\u00e7\u00f5es, pode operar tanto como Freezer entre as temperaturas -18\u00b0C e -10\u00b0C. Com 1 porta e capacidade l\u00edquida de armazenamento de 105 litros, certamente levar\u00e1 muita praticidade ao seu dia a dia!<\/div>\n<\/div>\n<p>MIDEA<\/p>\n","protected":false},"excerpt":{"rendered":"<h1><strong>110V\u00a0<\/strong><\/h1>\n","protected":false},"featured_media":2050,"template":"","meta":[],"_links":{"self":[{"href":"https:\/\/aluguefesta.net.br\/index.php\/wp-json\/wp\/v2\/product\/2049"}],"collection":[{"href":"https:\/\/aluguefesta.net.br\/index.php\/wp-json\/wp\/v2\/product"}],"about":[{"href":"https:\/\/aluguefesta.net.br\/index.php\/wp-json\/wp\/v2\/types\/product"}],"wp:featuredmedia":[{"embeddable":true,"href":"https:\/\/aluguefesta.net.br\/index.php\/wp-json\/wp\/v2\/media\/2050"}],"wp:attachment":[{"href":"https:\/\/aluguefesta.net.br\/index.php\/wp-json\/wp\/v2\/media?parent=2049"}],"curies":[{"name":"wp","href":"https:\/\/api.w.org\/{rel}","templated":true}]}}