{"id":2078,"date":"2024-05-07T12:24:13","date_gmt":"2024-05-07T15:24:13","guid":{"rendered":"https:\/\/aluguefesta.net.br\/?post_type=product&#038;p=2078"},"modified":"2024-05-07T12:29:09","modified_gmt":"2024-05-07T15:29:09","slug":"kit-nobre-arranjos-redondos-de-mesa-em-flores-naturais-extra-grande-e-medio","status":"publish","type":"product","link":"https:\/\/aluguefesta.net.br\/index.php\/produto\/kit-nobre-arranjos-redondos-de-mesa-em-flores-naturais-extra-grande-e-medio\/","title":{"rendered":"kit NOBRE Arranjos REDONDOS de mesa em flores naturais Extra Grande e M\u00e9dio"},"content":{"rendered":"<p>ARRANJO EM FLORES NATURAIS DO CAMPO E ESTA\u00c7\u00c3O FORMATO REDONDO COMPACTADO<\/p>\n<p>CLIENTE ESCOLHE AS COMBINA\u00c7\u00d5ES DE AT\u00c9 4 CORES<\/p>\n<p>VALOR REFERE-SE A 4 UNIDADES &#8211; 2 EXTRA GRANDES E 2 M\u00c9DIOS ( JARROS N\u00c3O INCLUSOS)<\/p>\n","protected":false},"excerpt":{"rendered":"<p>ARRANJO EM FLORES NATURAIS DO CAMPO E ESTA\u00c7\u00c3O FORMATO REDONDO COMPACTADO CLIENTE ESCOLHE AS COMBINA\u00c7\u00d5ES DE AT\u00c9 4 CORES VALOR REFERE-SE A 4 UNIDADES &#8211; 2 EXTRA GRANDES E 2 M\u00c9DIOS ( JARROS N\u00c3O INCLUSOS)<\/p>\n","protected":false},"featured_media":2079,"template":"","meta":[],"_links":{"self":[{"href":"https:\/\/aluguefesta.net.br\/index.php\/wp-json\/wp\/v2\/product\/2078"}],"collection":[{"href":"https:\/\/aluguefesta.net.br\/index.php\/wp-json\/wp\/v2\/product"}],"about":[{"href":"https:\/\/aluguefesta.net.br\/index.php\/wp-json\/wp\/v2\/types\/product"}],"wp:featuredmedia":[{"embeddable":true,"href":"https:\/\/aluguefesta.net.br\/index.php\/wp-json\/wp\/v2\/media\/2079"}],"wp:attachment":[{"href":"https:\/\/aluguefesta.net.br\/index.php\/wp-json\/wp\/v2\/media?parent=2078"}],"curies":[{"name":"wp","href":"https:\/\/api.w.org\/{rel}","templated":true}]}}