{"id":209,"date":"2020-07-26T01:00:40","date_gmt":"2020-07-26T04:00:40","guid":{"rendered":"https:\/\/aluguefesta.net.br\/?post_type=product&#038;p=209"},"modified":"2024-12-18T00:35:27","modified_gmt":"2024-12-18T03:35:27","slug":"enfeite-cacto-bolinha-prata","status":"publish","type":"product","link":"https:\/\/aluguefesta.net.br\/index.php\/produto\/enfeite-cacto-bolinha-prata\/","title":{"rendered":"Enfeite Cacto Bolinha Prata"},"content":{"rendered":"<p>DECORA\u00c7\u00d5ES COM CACTOS EST\u00c3O SUPER NA MODA,AL\u00c9M DE SER VERS\u00c1TIL.PODENDO UTILIZAR PARA COMPOR A DECORA\u00c7\u00c3O.<\/p>\n<p><strong>MEDIDAS:<\/strong>\u00a017(A) X 10,5(L) CM.<\/p>\n<p><strong>MATERIAL:<\/strong>\u00a0CER\u00c2MICA<\/p>\n<p><strong>COR:\u00a0<\/strong>Prata<\/p>\n","protected":false},"excerpt":{"rendered":"<p><strong>MEDIDAS:<\/strong>\u00a017(A) X 10,5(L) CM.<\/p>\n<p><strong>MATERIAL:<\/strong>\u00a0CER\u00c2MICA<\/p>\n","protected":false},"featured_media":211,"template":"","meta":[],"_links":{"self":[{"href":"https:\/\/aluguefesta.net.br\/index.php\/wp-json\/wp\/v2\/product\/209"}],"collection":[{"href":"https:\/\/aluguefesta.net.br\/index.php\/wp-json\/wp\/v2\/product"}],"about":[{"href":"https:\/\/aluguefesta.net.br\/index.php\/wp-json\/wp\/v2\/types\/product"}],"wp:featuredmedia":[{"embeddable":true,"href":"https:\/\/aluguefesta.net.br\/index.php\/wp-json\/wp\/v2\/media\/211"}],"wp:attachment":[{"href":"https:\/\/aluguefesta.net.br\/index.php\/wp-json\/wp\/v2\/media?parent=209"}],"curies":[{"name":"wp","href":"https:\/\/api.w.org\/{rel}","templated":true}]}}