{"id":2125,"date":"2024-05-15T16:37:43","date_gmt":"2024-05-15T19:37:43","guid":{"rendered":"https:\/\/aluguefesta.net.br\/?post_type=product&#038;p=2125"},"modified":"2024-05-15T16:50:03","modified_gmt":"2024-05-15T19:50:03","slug":"bomba-inflador-compressor-de-encher-baloes-110v","status":"publish","type":"product","link":"https:\/\/aluguefesta.net.br\/index.php\/produto\/bomba-inflador-compressor-de-encher-baloes-110v\/","title":{"rendered":"Bomba INFLADOR Compressor de ENCHER Bal\u00f5es 110v"},"content":{"rendered":"<ul class=\"ui-vpp-highlighted-specs__features-list\">\n<li class=\"ui-vpp-highlighted-specs__features-list-item ui-pdp-color--BLACK ui-pdp-size--XSMALL ui-pdp-family--REGULAR\">BOMBA INFLADOR ELETRICO ENCHER BALOES E BEXIGASBomba infladora el\u00e9trica consegue encher 2 bal\u00f5es ao mesmo tempo em apenas 2 segundos. Possui 2 modos de opera\u00e7\u00e3o: Cont\u00ednua ou Touch On. O primeiro modo soprar\u00e1 vento continuamente pelos 2 bicos, enquanto o segundo funciona somente quando o pino \u00e9 pressionado.<br \/>\nAl\u00e9m de leve, pr\u00e1tico e f\u00e1cil de usar, a sua base antiderrapante proporciona mais firmeza e seguran\u00e7a enquanto enche os bal\u00f5es e o cabo el\u00e9trico de 1,60m pode ser guardado dentro do pr\u00f3prio inflador, o que torna extremamente compacto.<\/p>\n<p>Itens inclusos:<br \/>\n01 Inflador El\u00e9trico de Bexiga<br \/>\n02 Bicos adaptadores para bexigas pequenas<br \/>\n01 Manual de Instru\u00e7\u00f5es<\/p>\n<p>Especifica\u00e7\u00f5es:<br \/>\n&#8211; Dimens\u00f5es (LxCxA): 20cm x 15cm x 11cm<br \/>\n&#8211; Peso: 860g<br \/>\n&#8211; Voltagem: 110V (N\u00e3o \u00e9 Bivolt)<br \/>\n&#8211; Pot\u00eancia: 600W<br \/>\n&#8211; Comprimento do cabo el\u00e9trico: 1,60m<br \/>\n&#8211; Cor: Rosa<\/li>\n<\/ul>\n","protected":false},"excerpt":{"rendered":"<ul class=\"ui-vpp-highlighted-specs__features-list\">\n<li class=\"ui-vpp-highlighted-specs__features-list-item ui-pdp-color--BLACK ui-pdp-size--XSMALL ui-pdp-family--REGULAR\">Tipo de alto-falante: woofer.<\/li>\n<li class=\"ui-vpp-highlighted-specs__features-list-item ui-pdp-color--BLACK ui-pdp-size--XSMALL ui-pdp-family--REGULAR\">Possui conectividade Bluetooth.<\/li>\n<li class=\"ui-vpp-highlighted-specs__features-list-item ui-pdp-color--BLACK ui-pdp-size--XSMALL ui-pdp-family--REGULAR\">Pot\u00eancia de 100W.<\/li>\n<li class=\"ui-vpp-highlighted-specs__features-list-item ui-pdp-color--BLACK ui-pdp-size--XSMALL ui-pdp-family--REGULAR\">Ideal para escutar as suas m\u00fasicas favoritas.<\/li>\n<\/ul>\n","protected":false},"featured_media":2127,"template":"","meta":[],"_links":{"self":[{"href":"https:\/\/aluguefesta.net.br\/index.php\/wp-json\/wp\/v2\/product\/2125"}],"collection":[{"href":"https:\/\/aluguefesta.net.br\/index.php\/wp-json\/wp\/v2\/product"}],"about":[{"href":"https:\/\/aluguefesta.net.br\/index.php\/wp-json\/wp\/v2\/types\/product"}],"wp:featuredmedia":[{"embeddable":true,"href":"https:\/\/aluguefesta.net.br\/index.php\/wp-json\/wp\/v2\/media\/2127"}],"wp:attachment":[{"href":"https:\/\/aluguefesta.net.br\/index.php\/wp-json\/wp\/v2\/media?parent=2125"}],"curies":[{"name":"wp","href":"https:\/\/api.w.org\/{rel}","templated":true}]}}