{"id":2136,"date":"2024-05-16T00:04:55","date_gmt":"2024-05-16T03:04:55","guid":{"rendered":"https:\/\/aluguefesta.net.br\/?post_type=product&#038;p=2136"},"modified":"2025-07-07T10:19:15","modified_gmt":"2025-07-07T13:19:15","slug":"samova-luxo-de-prata-2l","status":"publish","type":"product","link":"https:\/\/aluguefesta.net.br\/index.php\/produto\/samova-luxo-de-prata-2l\/","title":{"rendered":"Samova Luxo de Prata 2L"},"content":{"rendered":"<p>Feito em prata fino acabamento<\/p>\n<p>Para \u00e1gua quente para servir : caf\u00e9 sol\u00favel, leite em p\u00f3, capuccino ou ch\u00e1<\/p>\n<p>Ideal para decorar mesa de ch\u00e1 \/ caf\u00e9 em eventos menores \/ mini wedding etc.<\/p>\n<p>&nbsp;<\/p>\n","protected":false},"excerpt":{"rendered":"<p>Feito em prata fino acabamento<\/p>\n<p>Para \u00e1gua quente para servir : caf\u00e9 sol\u00favel, leite em p\u00f3, capuccino ou ch\u00e1<\/p>\n<p>Ideal para decorar mesa de ch\u00e1 \/ caf\u00e9 em eventos menores \/ mini wedding etc.<\/p>\n","protected":false},"featured_media":2137,"template":"","meta":[],"_links":{"self":[{"href":"https:\/\/aluguefesta.net.br\/index.php\/wp-json\/wp\/v2\/product\/2136"}],"collection":[{"href":"https:\/\/aluguefesta.net.br\/index.php\/wp-json\/wp\/v2\/product"}],"about":[{"href":"https:\/\/aluguefesta.net.br\/index.php\/wp-json\/wp\/v2\/types\/product"}],"wp:featuredmedia":[{"embeddable":true,"href":"https:\/\/aluguefesta.net.br\/index.php\/wp-json\/wp\/v2\/media\/2137"}],"wp:attachment":[{"href":"https:\/\/aluguefesta.net.br\/index.php\/wp-json\/wp\/v2\/media?parent=2136"}],"curies":[{"name":"wp","href":"https:\/\/api.w.org\/{rel}","templated":true}]}}