{"id":2157,"date":"2024-05-21T13:39:27","date_gmt":"2024-05-21T16:39:27","guid":{"rendered":"https:\/\/aluguefesta.net.br\/?post_type=product&#038;p=2157"},"modified":"2025-11-07T03:28:21","modified_gmt":"2025-11-07T06:28:21","slug":"tabua-nobre-em-madeira-giratoria-6-recipientes","status":"publish","type":"product","link":"https:\/\/aluguefesta.net.br\/index.php\/produto\/tabua-nobre-em-madeira-giratoria-6-recipientes\/","title":{"rendered":"T\u00e1bua nobre em madeira Girat\u00f3ria 6 recipientes"},"content":{"rendered":"<p>T\u00e1bua de madeira nobre com suporte para 6 pastas<\/p>\n<p>ideal para servir<\/p>\n","protected":false},"excerpt":{"rendered":"<p>T\u00e1bua de madeira nobre com suporte para 6 pastas<\/p>\n<p>ideal para servir<\/p>\n","protected":false},"featured_media":2160,"template":"","meta":[],"_links":{"self":[{"href":"https:\/\/aluguefesta.net.br\/index.php\/wp-json\/wp\/v2\/product\/2157"}],"collection":[{"href":"https:\/\/aluguefesta.net.br\/index.php\/wp-json\/wp\/v2\/product"}],"about":[{"href":"https:\/\/aluguefesta.net.br\/index.php\/wp-json\/wp\/v2\/types\/product"}],"wp:featuredmedia":[{"embeddable":true,"href":"https:\/\/aluguefesta.net.br\/index.php\/wp-json\/wp\/v2\/media\/2160"}],"wp:attachment":[{"href":"https:\/\/aluguefesta.net.br\/index.php\/wp-json\/wp\/v2\/media?parent=2157"}],"curies":[{"name":"wp","href":"https:\/\/api.w.org\/{rel}","templated":true}]}}