{"id":2296,"date":"2024-07-17T02:06:24","date_gmt":"2024-07-17T05:06:24","guid":{"rendered":"https:\/\/aluguefesta.net.br\/?post_type=product&#038;p=2296"},"modified":"2025-09-29T20:25:55","modified_gmt":"2025-09-29T23:25:55","slug":"mini-prato-suporte-bolo-ou-doce-com-pe-acrilica-verde-limao","status":"publish","type":"product","link":"https:\/\/aluguefesta.net.br\/index.php\/produto\/mini-prato-suporte-bolo-ou-doce-com-pe-acrilica-verde-limao\/","title":{"rendered":"Mini Prato suporte Bolo ou Doce com p\u00e9 &#8211; Acrilica &#8211; Verde lim\u00e3o"},"content":{"rendered":"<p>MINI Prato suporte Bolo ou Doce com p\u00e9 &#8211; Acrilica &#8211; verde lim\u00e3o<\/p>\n<p>Pode ser usada como porta-doces , suporte de bem casados, prato de bolo<\/p>\n<p>Medidas : prato 10cm, 7de altura<\/p>\n<p>*Pe\u00e7a Exclusiva<\/p>\n","protected":false},"excerpt":{"rendered":"<p>MINI Prato suporte Bolo ou Doce com p\u00e9 &#8211; Acrilica &#8211; verde lim\u00e3o<\/p>\n<p>Pode ser usada como porta-doces , suporte de bem casados, prato de bolo<\/p>\n<p>Medidas : prato 10cm, 7de altura<\/p>\n<p>*Pe\u00e7a Exclusiva<\/p>\n","protected":false},"featured_media":2297,"template":"","meta":[],"_links":{"self":[{"href":"https:\/\/aluguefesta.net.br\/index.php\/wp-json\/wp\/v2\/product\/2296"}],"collection":[{"href":"https:\/\/aluguefesta.net.br\/index.php\/wp-json\/wp\/v2\/product"}],"about":[{"href":"https:\/\/aluguefesta.net.br\/index.php\/wp-json\/wp\/v2\/types\/product"}],"wp:featuredmedia":[{"embeddable":true,"href":"https:\/\/aluguefesta.net.br\/index.php\/wp-json\/wp\/v2\/media\/2297"}],"wp:attachment":[{"href":"https:\/\/aluguefesta.net.br\/index.php\/wp-json\/wp\/v2\/media?parent=2296"}],"curies":[{"name":"wp","href":"https:\/\/api.w.org\/{rel}","templated":true}]}}