{"id":2315,"date":"2024-07-20T17:34:56","date_gmt":"2024-07-20T20:34:56","guid":{"rendered":"https:\/\/aluguefesta.net.br\/?post_type=product&#038;p=2315"},"modified":"2024-12-07T14:40:28","modified_gmt":"2024-12-07T17:40:28","slug":"refratario-assadeira-com-alcas-3-5litros","status":"publish","type":"product","link":"https:\/\/aluguefesta.net.br\/index.php\/produto\/refratario-assadeira-com-alcas-3-5litros\/","title":{"rendered":"Refrat\u00e1rio Assadeira com al\u00e7as 3.5litros"},"content":{"rendered":"<p>Refrat\u00e1rio<\/p>\n<p>Capacidade de 3,5 litros<\/p>\n<p>Em Vidro<\/p>\n<p><em>Ideal para ser utilizado para servir em buffet<\/em><\/p>\n","protected":false},"excerpt":{"rendered":"<p>Refrat\u00e1rio<\/p>\n<p>Capacidade de 3,5 litros<\/p>\n<p>Em Vidro<\/p>\n<p><em>Ideal para ser utilizado para servir em buffet<\/em><\/p>\n","protected":false},"featured_media":2316,"template":"","meta":[],"_links":{"self":[{"href":"https:\/\/aluguefesta.net.br\/index.php\/wp-json\/wp\/v2\/product\/2315"}],"collection":[{"href":"https:\/\/aluguefesta.net.br\/index.php\/wp-json\/wp\/v2\/product"}],"about":[{"href":"https:\/\/aluguefesta.net.br\/index.php\/wp-json\/wp\/v2\/types\/product"}],"wp:featuredmedia":[{"embeddable":true,"href":"https:\/\/aluguefesta.net.br\/index.php\/wp-json\/wp\/v2\/media\/2316"}],"wp:attachment":[{"href":"https:\/\/aluguefesta.net.br\/index.php\/wp-json\/wp\/v2\/media?parent=2315"}],"curies":[{"name":"wp","href":"https:\/\/api.w.org\/{rel}","templated":true}]}}