{"id":2654,"date":"2024-12-09T08:42:32","date_gmt":"2024-12-09T11:42:32","guid":{"rendered":"https:\/\/aluguefesta.net.br\/?post_type=product&#038;p=2654"},"modified":"2025-10-13T21:53:47","modified_gmt":"2025-10-14T00:53:47","slug":"taca-new-imperatriz-360ml-vinho","status":"publish","type":"product","link":"https:\/\/aluguefesta.net.br\/index.php\/produto\/taca-new-imperatriz-360ml-vinho\/","title":{"rendered":"Ta\u00e7a New IMPERATRIZ 360ml Vinho"},"content":{"rendered":"<p>As ta\u00e7as\u00a0Imperatriz Nadir, em vidro cristalino, com formato que contribui para a concentra\u00e7\u00e3o dos aromas dos vinhos. Ideal para vinho tinto e branco.<\/p>\n<p><strong>BENEF\u00cdCIOS<\/strong><br \/>\nTa\u00e7as de vinho de qualidade costumam ter um design atraente que adiciona um toque de eleg\u00e2ncia \u00e0 experi\u00eancia de degusta\u00e7\u00e3o de vinho.<br \/>\nA forma e o tamanho adequados da ta\u00e7a podem concentrar os aromas do vinho, permitindo que voc\u00ea aprecie melhor as nuances e os odores sutis da bebida.<\/p>\n<p><strong>DIMENS\u00d5ES DO PRODUTO<\/strong><br \/>\nDiamentro: 8,3\u00a0cm<br \/>\nAltura: 19,8cm<br \/>\nPeso: 0,22\u00a0kg<br \/>\nCapacidade: 360ml<\/p>\n","protected":false},"excerpt":{"rendered":"<p>As ta\u00e7as\u00a0Imperatriz Nadir, em vidro cristalino, com formato que contribui para a concentra\u00e7\u00e3o dos aromas dos vinhos. Ideal para vinho tinto e branco.<\/p>\n<p><strong>BENEF\u00cdCIOS<\/strong><br \/>\nTa\u00e7as de vinho de qualidade costumam ter um design atraente que adiciona um toque de eleg\u00e2ncia \u00e0 experi\u00eancia de degusta\u00e7\u00e3o de vinho.<br \/>\nA forma e o tamanho adequados da ta\u00e7a podem concentrar os aromas do vinho, permitindo que voc\u00ea aprecie melhor as nuances e os odores sutis da bebida.<\/p>\n<p><strong>DIMENS\u00d5ES DO PRODUTO<\/strong><br \/>\nDiamentro: 8,3\u00a0cm<br \/>\nAltura: 19,8cm<br \/>\nPeso: 0,22\u00a0kg<br \/>\nCapacidade: 360ml<\/p>\n","protected":false},"featured_media":2656,"template":"","meta":[],"_links":{"self":[{"href":"https:\/\/aluguefesta.net.br\/index.php\/wp-json\/wp\/v2\/product\/2654"}],"collection":[{"href":"https:\/\/aluguefesta.net.br\/index.php\/wp-json\/wp\/v2\/product"}],"about":[{"href":"https:\/\/aluguefesta.net.br\/index.php\/wp-json\/wp\/v2\/types\/product"}],"wp:featuredmedia":[{"embeddable":true,"href":"https:\/\/aluguefesta.net.br\/index.php\/wp-json\/wp\/v2\/media\/2656"}],"wp:attachment":[{"href":"https:\/\/aluguefesta.net.br\/index.php\/wp-json\/wp\/v2\/media?parent=2654"}],"curies":[{"name":"wp","href":"https:\/\/api.w.org\/{rel}","templated":true}]}}