{"id":2692,"date":"2024-12-19T01:40:51","date_gmt":"2024-12-19T04:40:51","guid":{"rendered":"https:\/\/aluguefesta.net.br\/?post_type=product&#038;p=2692"},"modified":"2025-06-10T08:08:30","modified_gmt":"2025-06-10T11:08:30","slug":"centro-de-mesa-fruteira-saladeira-glass-g-cristal","status":"publish","type":"product","link":"https:\/\/aluguefesta.net.br\/index.php\/produto\/centro-de-mesa-fruteira-saladeira-glass-g-cristal\/","title":{"rendered":"Centro de Mesa Fruteira Saladeira Glass &#8211; G Cristal"},"content":{"rendered":"<p>Bel\u00edssima Pe\u00e7a Centro de mesa &#8211; saladeira Fruteira em Vidro Cristal<\/p>\n<p>Ideal para ser usado em decora\u00e7\u00e3o de mesa de servir &#8211; saladas, refei\u00e7\u00f5es etc ou como porta-doces.<\/p>\n<p>CAPACIDADE : 2,4LITROS<\/p>\n<p>TAM 24 X 14CM<\/p>\n<p>&nbsp;<\/p>\n","protected":false},"excerpt":{"rendered":"<p>Bel\u00edssima Pe\u00e7a Centro de mesa &#8211; saladeira Fruteira em Vidro Cristal<\/p>\n<p>Ideal para ser usado em decora\u00e7\u00e3o de mesa de servir &#8211; saladas, refei\u00e7\u00f5es etc ou como porta-doces.<\/p>\n<p>CAPACIDADE : 2,4LITROS<\/p>\n<p>TAM 24 X 14CM<\/p>\n<p>&nbsp;<\/p>\n","protected":false},"featured_media":2693,"template":"","meta":[],"_links":{"self":[{"href":"https:\/\/aluguefesta.net.br\/index.php\/wp-json\/wp\/v2\/product\/2692"}],"collection":[{"href":"https:\/\/aluguefesta.net.br\/index.php\/wp-json\/wp\/v2\/product"}],"about":[{"href":"https:\/\/aluguefesta.net.br\/index.php\/wp-json\/wp\/v2\/types\/product"}],"wp:featuredmedia":[{"embeddable":true,"href":"https:\/\/aluguefesta.net.br\/index.php\/wp-json\/wp\/v2\/media\/2693"}],"wp:attachment":[{"href":"https:\/\/aluguefesta.net.br\/index.php\/wp-json\/wp\/v2\/media?parent=2692"}],"curies":[{"name":"wp","href":"https:\/\/api.w.org\/{rel}","templated":true}]}}