{"id":2721,"date":"2024-12-19T08:27:50","date_gmt":"2024-12-19T11:27:50","guid":{"rendered":"https:\/\/aluguefesta.net.br\/?post_type=product&#038;p=2721"},"modified":"2025-11-24T17:59:39","modified_gmt":"2025-11-24T20:59:39","slug":"kit-open-bar-saladas-ou-sobremesas-4-pcs","status":"publish","type":"product","link":"https:\/\/aluguefesta.net.br\/index.php\/produto\/kit-open-bar-saladas-ou-sobremesas-4-pcs\/","title":{"rendered":"KIT OPEN BAR &#8211; SALADAS OU SOBREMESAS 4 P\u00c7S"},"content":{"rendered":"<p><em><strong>Para expor frutas, saladas ou sobremesas<\/strong><\/em><\/p>\n<p><strong>KIT OPEN BAR &#8211; SALADAS OU SOBREMESAS 4P\u00c7S<\/strong><\/p>\n<p>4 unidades de Saladeira Fruteira Glass capacidade 2.4 litros:<\/p>\n<p>Bel\u00edssima Pe\u00e7a Centro de mesa &#8211; saladeira Fruteira em Vidro Cristal<\/p>\n<p>Ideal para ser usado em decora\u00e7\u00e3o de mesa de servir &#8211; saladas, refei\u00e7\u00f5es etc ou como porta-doces.<\/p>\n<p>CAPACIDADE : 2,4LITROS<\/p>\n<p>TAM 24 X 14CM<\/p>\n<p>&nbsp;<\/p>\n","protected":false},"excerpt":{"rendered":"<p>Bel\u00edssima Pe\u00e7a Centro de mesa &#8211; saladeira Fruteira em Vidro Cristal<\/p>\n<p>Ideal para ser usado em decora\u00e7\u00e3o de mesa de servir &#8211; saladas, refei\u00e7\u00f5es etc ou como porta-doces.<\/p>\n<p>CAPACIDADE : 2,4LITROS<\/p>\n<p>TAM 24 X 14CM<\/p>\n<p>&nbsp;<\/p>\n","protected":false},"featured_media":2722,"template":"","meta":[],"_links":{"self":[{"href":"https:\/\/aluguefesta.net.br\/index.php\/wp-json\/wp\/v2\/product\/2721"}],"collection":[{"href":"https:\/\/aluguefesta.net.br\/index.php\/wp-json\/wp\/v2\/product"}],"about":[{"href":"https:\/\/aluguefesta.net.br\/index.php\/wp-json\/wp\/v2\/types\/product"}],"wp:featuredmedia":[{"embeddable":true,"href":"https:\/\/aluguefesta.net.br\/index.php\/wp-json\/wp\/v2\/media\/2722"}],"wp:attachment":[{"href":"https:\/\/aluguefesta.net.br\/index.php\/wp-json\/wp\/v2\/media?parent=2721"}],"curies":[{"name":"wp","href":"https:\/\/api.w.org\/{rel}","templated":true}]}}