{"id":2759,"date":"2024-12-26T19:34:26","date_gmt":"2024-12-26T22:34:26","guid":{"rendered":"https:\/\/aluguefesta.net.br\/?post_type=product&#038;p=2759"},"modified":"2026-02-04T14:51:48","modified_gmt":"2026-02-04T17:51:48","slug":"prato-de-servir-melamina-28cm","status":"publish","type":"product","link":"https:\/\/aluguefesta.net.br\/index.php\/produto\/prato-de-servir-melamina-28cm\/","title":{"rendered":"Prato de Refei\u00e7\u00e3o &#8211;  melamina 27cm"},"content":{"rendered":"<p>Dimens\u00e3o:<br \/>\n28 cm<br \/>\nAltura:1 cm<\/p>\n","protected":false},"excerpt":{"rendered":"<p>Dimens\u00e3o:<br \/>\n28 cm<br \/>\nAltura:1 cm<\/p>\n","protected":false},"featured_media":2760,"template":"","meta":[],"_links":{"self":[{"href":"https:\/\/aluguefesta.net.br\/index.php\/wp-json\/wp\/v2\/product\/2759"}],"collection":[{"href":"https:\/\/aluguefesta.net.br\/index.php\/wp-json\/wp\/v2\/product"}],"about":[{"href":"https:\/\/aluguefesta.net.br\/index.php\/wp-json\/wp\/v2\/types\/product"}],"wp:featuredmedia":[{"embeddable":true,"href":"https:\/\/aluguefesta.net.br\/index.php\/wp-json\/wp\/v2\/media\/2760"}],"wp:attachment":[{"href":"https:\/\/aluguefesta.net.br\/index.php\/wp-json\/wp\/v2\/media?parent=2759"}],"curies":[{"name":"wp","href":"https:\/\/api.w.org\/{rel}","templated":true}]}}