{"id":3059,"date":"2025-06-24T15:28:19","date_gmt":"2025-06-24T18:28:19","guid":{"rendered":"https:\/\/aluguefesta.net.br\/?post_type=product&#038;p=3059"},"modified":"2025-12-19T02:27:29","modified_gmt":"2025-12-19T05:27:29","slug":"gazebo-tenda-3x3m-aticulada-azul","status":"publish","type":"product","link":"https:\/\/aluguefesta.net.br\/index.php\/produto\/gazebo-tenda-3x3m-aticulada-azul\/","title":{"rendered":"Gazebo Tenda 3x3m Aticulada Azul"},"content":{"rendered":"<p>acompanha 4 galoes para peso de areia e 8 estacas<\/p>\n<p>Material : Lona Fosca<\/p>\n<p>Espa\u00e7o Generoso: Com suas medidas de 3&#215;3 metros, esta tenda oferece um amplo espa\u00e7o para acomodar seus convidados, produtos ou equipamentos.<br \/>\nF\u00e1cil Montagem: A montagem \u00e9 r\u00e1pida e descomplicada, permitindo que voc\u00ea esteja pronto para qualquer evento em minutos com sua estrutura sanfonada.<br \/>\nQuando desmontada, esta tenda se dobra em um tamanho compacto, facilitando o transporte e armazenamento. Leve-a para onde quiser e tenha sombra sob demanda!<\/p>\n<p><strong>Ficha T\u00e9cnica:<br \/>\nMaterial:<\/strong>\u00a0Pl\u00e1stico e A\u00e7o<br \/>\n<strong>Cor da Lona:<\/strong>\u00a0Azul<br \/>\n<strong>Dimens\u00f5es:<\/strong>\u00a03&#215;3 Metros<br \/>\n<strong>Estrutura:\u00a0<\/strong>Sanfonada<br \/>\n<strong>Transporte e Armazenamento:\u00a0<\/strong>Compacto<\/p>\n","protected":false},"excerpt":{"rendered":"<p>acompanha 4 galoes para peso de areia e 8 estacas<\/p>\n<p>Material : Lona Fosca<\/p>\n<p>Espa\u00e7o Generoso: Com suas medidas de 3&#215;3 metros, esta tenda oferece um amplo espa\u00e7o para acomodar seus convidados, produtos ou equipamentos.<br \/>\nF\u00e1cil Montagem: A montagem \u00e9 r\u00e1pida e descomplicada, permitindo que voc\u00ea esteja pronto para qualquer evento em minutos com sua estrutura sanfonada.<br \/>\nQuando desmontada, esta tenda se dobra em um tamanho compacto, facilitando o transporte e armazenamento. Leve-a para onde quiser e tenha sombra sob demanda!<\/p>\n<p><strong>Ficha T\u00e9cnica:<br \/>\nMaterial:<\/strong>\u00a0Pl\u00e1stico e A\u00e7o<br \/>\n<strong>Cor da Lona:<\/strong>\u00a0Azul<br \/>\n<strong>Dimens\u00f5es:<\/strong>\u00a03&#215;3 Metros<br \/>\n<strong>Estrutura:\u00a0<\/strong>Sanfonada<br \/>\n<strong>Transporte e Armazenamento:\u00a0<\/strong>Compacto<\/p>\n","protected":false},"featured_media":3060,"template":"","meta":[],"_links":{"self":[{"href":"https:\/\/aluguefesta.net.br\/index.php\/wp-json\/wp\/v2\/product\/3059"}],"collection":[{"href":"https:\/\/aluguefesta.net.br\/index.php\/wp-json\/wp\/v2\/product"}],"about":[{"href":"https:\/\/aluguefesta.net.br\/index.php\/wp-json\/wp\/v2\/types\/product"}],"wp:featuredmedia":[{"embeddable":true,"href":"https:\/\/aluguefesta.net.br\/index.php\/wp-json\/wp\/v2\/media\/3060"}],"wp:attachment":[{"href":"https:\/\/aluguefesta.net.br\/index.php\/wp-json\/wp\/v2\/media?parent=3059"}],"curies":[{"name":"wp","href":"https:\/\/api.w.org\/{rel}","templated":true}]}}