{"id":3228,"date":"2025-09-29T16:23:28","date_gmt":"2025-09-29T19:23:28","guid":{"rendered":"https:\/\/aluguefesta.net.br\/?post_type=product&#038;p=3228"},"modified":"2025-09-29T16:25:58","modified_gmt":"2025-09-29T19:25:58","slug":"cadeira-de-praia-aluminio-encosto-reclinavel-basica","status":"publish","type":"product","link":"https:\/\/aluguefesta.net.br\/index.php\/produto\/cadeira-de-praia-aluminio-encosto-reclinavel-basica\/","title":{"rendered":"Cadeira de Praia Alum\u00ednio Encosto Reclin\u00e1vel B\u00e1sica"},"content":{"rendered":"<div class=\"ui-pdp-container__row ui-pdp-container__row--highlighted-features-title\">\n<div class=\"ui-pdp-container__row ui-pdp-container__row--highlighted-features-title\">\n<p>A cadeira fica completamente sentada na posi\u00e7\u00e3o 1 e completamente deitada na posi\u00e7\u00e3o 8, ideal para banhos de sol. Al\u00e9m disso, seu apoio permite maior estabilidade nessa posi\u00e7\u00e3o. Sua tela \u00e9 produzida em 100% polietileno com revestimento em PVC.<br \/>\nSuper resistente, suporta at\u00e9 100 Kg.<\/p>\n<p>Especifica\u00e7\u00f5es:<br \/>\nMaterial: Alum\u00ednio<br \/>\nPeso suportado: At\u00e9 100Kg<br \/>\nAltura: 87cm<br \/>\nLargura: 53,5cm<br \/>\nComprimento: 68cm&#8217;.<\/p>\n<\/div>\n<\/div>\n","protected":false},"excerpt":{"rendered":"<div class=\"ui-pdp-container__row ui-pdp-container__row--highlighted-features-title\">\n<div class=\"ui-pdp-container__row ui-pdp-container__row--highlighted-features-title\">\n<p>A cadeira fica completamente sentada na posi\u00e7\u00e3o 1 e completamente deitada na posi\u00e7\u00e3o 8, ideal para banhos de sol. Al\u00e9m disso, seu apoio permite maior estabilidade nessa posi\u00e7\u00e3o. Sua tela \u00e9 produzida em 100% polietileno com revestimento em PVC.<br \/>\nSuper resistente, suporta at\u00e9 100 Kg.<\/p>\n<p>Especifica\u00e7\u00f5es:<br \/>\nMaterial: Alum\u00ednio<br \/>\nPeso suportado: At\u00e9 100Kg<br \/>\nAltura: 87cm<br \/>\nLargura: 53,5cm<br \/>\nComprimento: 68cm&#8217;.<\/p>\n<\/div>\n<\/div>\n","protected":false},"featured_media":3229,"template":"","meta":[],"_links":{"self":[{"href":"https:\/\/aluguefesta.net.br\/index.php\/wp-json\/wp\/v2\/product\/3228"}],"collection":[{"href":"https:\/\/aluguefesta.net.br\/index.php\/wp-json\/wp\/v2\/product"}],"about":[{"href":"https:\/\/aluguefesta.net.br\/index.php\/wp-json\/wp\/v2\/types\/product"}],"wp:featuredmedia":[{"embeddable":true,"href":"https:\/\/aluguefesta.net.br\/index.php\/wp-json\/wp\/v2\/media\/3229"}],"wp:attachment":[{"href":"https:\/\/aluguefesta.net.br\/index.php\/wp-json\/wp\/v2\/media?parent=3228"}],"curies":[{"name":"wp","href":"https:\/\/api.w.org\/{rel}","templated":true}]}}