{"id":333,"date":"2020-07-28T01:54:41","date_gmt":"2020-07-28T04:54:41","guid":{"rendered":"https:\/\/aluguefesta.net.br\/?post_type=product&#038;p=333"},"modified":"2024-12-18T00:58:00","modified_gmt":"2024-12-18T03:58:00","slug":"bola-de-cipo-m","status":"publish","type":"product","link":"https:\/\/aluguefesta.net.br\/index.php\/produto\/bola-de-cipo-m\/","title":{"rendered":"Bola de cip\u00f3 &#8211; M"},"content":{"rendered":"<p>Bola de cip\u00f3 M<\/p>\n<p>Medida com 20cm<\/p>\n<p>Indicada para decora\u00e7\u00f5es rusticas, cip\u00f3 natural<\/p>\n","protected":false},"excerpt":{"rendered":"<p>Bola de cip\u00f3 M<\/p>\n<p>Indicada p decora\u00e7\u00f5es rusticas.<\/p>\n","protected":false},"featured_media":335,"template":"","meta":[],"_links":{"self":[{"href":"https:\/\/aluguefesta.net.br\/index.php\/wp-json\/wp\/v2\/product\/333"}],"collection":[{"href":"https:\/\/aluguefesta.net.br\/index.php\/wp-json\/wp\/v2\/product"}],"about":[{"href":"https:\/\/aluguefesta.net.br\/index.php\/wp-json\/wp\/v2\/types\/product"}],"wp:featuredmedia":[{"embeddable":true,"href":"https:\/\/aluguefesta.net.br\/index.php\/wp-json\/wp\/v2\/media\/335"}],"wp:attachment":[{"href":"https:\/\/aluguefesta.net.br\/index.php\/wp-json\/wp\/v2\/media?parent=333"}],"curies":[{"name":"wp","href":"https:\/\/api.w.org\/{rel}","templated":true}]}}