{"id":3445,"date":"2025-10-30T03:22:57","date_gmt":"2025-10-30T06:22:57","guid":{"rendered":"https:\/\/aluguefesta.net.br\/?post_type=product&#038;p=3445"},"modified":"2025-11-03T22:41:56","modified_gmt":"2025-11-04T01:41:56","slug":"bandeja-suporte-p-frios-organica-em-espelho-vidro-com-pe","status":"publish","type":"product","link":"https:\/\/aluguefesta.net.br\/index.php\/produto\/bandeja-suporte-p-frios-organica-em-espelho-vidro-com-pe\/","title":{"rendered":"Par de Bandejas Suporte p\/ frios Org\u00e2nica em Espelho Vidro com p\u00e9"},"content":{"rendered":"<p>Bandejas Suporte Org\u00e2nica em Espelho Vidro com p\u00e9s<\/p>\n<p>tam 26 cm x15<\/p>\n<p>1 com p\u00e9 de 3x3cm<\/p>\n<p>1 com p\u00e9 02mm<\/p>\n","protected":false},"excerpt":{"rendered":"<p>Bandeja Suporte Org\u00e2nica em Espelho Vidro com p\u00e9s<\/p>\n<p>tam 30 cm x15<\/p>\n<p>p\u00e9 de 3x3cm<\/p>\n","protected":false},"featured_media":3591,"template":"","meta":[],"_links":{"self":[{"href":"https:\/\/aluguefesta.net.br\/index.php\/wp-json\/wp\/v2\/product\/3445"}],"collection":[{"href":"https:\/\/aluguefesta.net.br\/index.php\/wp-json\/wp\/v2\/product"}],"about":[{"href":"https:\/\/aluguefesta.net.br\/index.php\/wp-json\/wp\/v2\/types\/product"}],"wp:featuredmedia":[{"embeddable":true,"href":"https:\/\/aluguefesta.net.br\/index.php\/wp-json\/wp\/v2\/media\/3591"}],"wp:attachment":[{"href":"https:\/\/aluguefesta.net.br\/index.php\/wp-json\/wp\/v2\/media?parent=3445"}],"curies":[{"name":"wp","href":"https:\/\/api.w.org\/{rel}","templated":true}]}}