{"id":3460,"date":"2025-10-30T03:49:22","date_gmt":"2025-10-30T06:49:22","guid":{"rendered":"https:\/\/aluguefesta.net.br\/?post_type=product&#038;p=3460"},"modified":"2025-10-30T03:52:30","modified_gmt":"2025-10-30T06:52:30","slug":"prato-bolo-ou-doce-com-pe-trelica-m-dourado-gold","status":"publish","type":"product","link":"https:\/\/aluguefesta.net.br\/index.php\/produto\/prato-bolo-ou-doce-com-pe-trelica-m-dourado-gold\/","title":{"rendered":"Prato Bolo ou Doce com p\u00e9 &#8211; Treli\u00e7a M &#8211; Dourado &#8211; Gold"},"content":{"rendered":"<p>Linda Pe\u00e7a de Porcelana Dourada<\/p>\n<p>Pode ser usada como porta-doces , suporte de bem casados, prato de bolo<\/p>\n<p>Medidas : prato 20cm, 11 de altura<\/p>\n<p>&nbsp;<\/p>\n","protected":false},"excerpt":{"rendered":"<p>Linda Pe\u00e7a de Porcelana Dourada<\/p>\n<p>Pode ser usada como porta-doces , suporte de bem casados, prato de bolo<\/p>\n<p>Medidas : prato 20cm, 11 de altura<\/p>\n","protected":false},"featured_media":3464,"template":"","meta":[],"_links":{"self":[{"href":"https:\/\/aluguefesta.net.br\/index.php\/wp-json\/wp\/v2\/product\/3460"}],"collection":[{"href":"https:\/\/aluguefesta.net.br\/index.php\/wp-json\/wp\/v2\/product"}],"about":[{"href":"https:\/\/aluguefesta.net.br\/index.php\/wp-json\/wp\/v2\/types\/product"}],"wp:featuredmedia":[{"embeddable":true,"href":"https:\/\/aluguefesta.net.br\/index.php\/wp-json\/wp\/v2\/media\/3464"}],"wp:attachment":[{"href":"https:\/\/aluguefesta.net.br\/index.php\/wp-json\/wp\/v2\/media?parent=3460"}],"curies":[{"name":"wp","href":"https:\/\/api.w.org\/{rel}","templated":true}]}}