{"id":3666,"date":"2025-11-07T03:57:48","date_gmt":"2025-11-07T06:57:48","guid":{"rendered":"https:\/\/aluguefesta.net.br\/?post_type=product&#038;p=3666"},"modified":"2026-01-19T20:25:45","modified_gmt":"2026-01-19T23:25:45","slug":"kit-ano-novo-sousplat-prato-garfo-faca-taca","status":"publish","type":"product","link":"https:\/\/aluguefesta.net.br\/index.php\/produto\/kit-ano-novo-sousplat-prato-garfo-faca-taca\/","title":{"rendered":"KIT New Year 5 pe\u00e7as : SOUSPLAT + Prato + Garfo + Faca + TA\u00c7A"},"content":{"rendered":"<p>KIT New Year 5 pe\u00e7as : SOUSPLAT + Prato + Garfo + Faca + TA\u00c7A<\/p>\n<p>5 PE\u00c7AS :<\/p>\n<p>Ta\u00e7a<\/p>\n<p>Sousplat M\u00e1rmorizado<\/p>\n<p>Prato em Cristal Indon\u00e9sia<\/p>\n<p>Faca e Garfo Richwel linha2<\/p>\n<p>&nbsp;<\/p>\n","protected":false},"excerpt":{"rendered":"<p>KIT New Year 5 pe\u00e7as : SOUSPLAT + Prato + Garfo + Faca + TA\u00c7A<\/p>\n<p>5 PE\u00c7AS :<\/p>\n<p>Ta\u00e7a<\/p>\n<p>Sousplat M\u00e1rmorizado<\/p>\n<p>Prato em Cristal Indon\u00e9sia<\/p>\n<p>Faca e Garfo Richwel linha2<\/p>\n<p>&nbsp;<\/p>\n","protected":false},"featured_media":3663,"template":"","meta":[],"_links":{"self":[{"href":"https:\/\/aluguefesta.net.br\/index.php\/wp-json\/wp\/v2\/product\/3666"}],"collection":[{"href":"https:\/\/aluguefesta.net.br\/index.php\/wp-json\/wp\/v2\/product"}],"about":[{"href":"https:\/\/aluguefesta.net.br\/index.php\/wp-json\/wp\/v2\/types\/product"}],"wp:featuredmedia":[{"embeddable":true,"href":"https:\/\/aluguefesta.net.br\/index.php\/wp-json\/wp\/v2\/media\/3663"}],"wp:attachment":[{"href":"https:\/\/aluguefesta.net.br\/index.php\/wp-json\/wp\/v2\/media?parent=3666"}],"curies":[{"name":"wp","href":"https:\/\/api.w.org\/{rel}","templated":true}]}}