{"id":3679,"date":"2025-11-08T15:33:51","date_gmt":"2025-11-08T18:33:51","guid":{"rendered":"https:\/\/aluguefesta.net.br\/?post_type=product&#038;p=3679"},"modified":"2025-11-08T15:38:12","modified_gmt":"2025-11-08T18:38:12","slug":"cascata-de-chocolate-500g-110v","status":"publish","type":"product","link":"https:\/\/aluguefesta.net.br\/index.php\/produto\/cascata-de-chocolate-500g-110v\/","title":{"rendered":"Cascata De Chocolate 500g 110V"},"content":{"rendered":"<p>110v<\/p>\n<p>60w<\/p>\n<p>nforma\u00e7\u00f5es t\u00e9cnicas:<br \/>\n&#8211; Produto: Mini Cascata de Chocolate<br \/>\n&#8211; Medida do aparelho: 25 cm x 11 cm de di\u00e2metro<br \/>\n&#8211; Altura somente da parte da cascata: 11cm<br \/>\n&#8211; Fonte: Tomada padr\u00e3o de dois pinos<br \/>\n&#8211; Voltagem: 110v OU 220v (pedir na hora da compra e ver disponibilidade)<\/p>\n<p>**OBS: Precisa utilizar chocolate espec\u00edfico de cascata, dispon\u00edvel em lojas do ramo de chocolate (ex: Cacau Show). Caso n\u00e3o possua este chocolate espec\u00edfico, pode utilizar chocolate normal desde que adicione uma colher de sopa de \u00f3leo de granola ou de Canola ao chocolate. Colocar o chocolate j\u00e1 derretido, a cascata vai apenas manter o derretimento.<\/p>\n","protected":false},"excerpt":{"rendered":"<p>110v<\/p>\n<p>60w<\/p>\n<p>nforma\u00e7\u00f5es t\u00e9cnicas:<br \/>\n&#8211; Produto: Mini Cascata de Chocolate<br \/>\n&#8211; Medida do aparelho: 25 cm x 11 cm de di\u00e2metro<br \/>\n&#8211; Altura somente da parte da cascata: 11cm<br \/>\n&#8211; Fonte: Tomada padr\u00e3o de dois pinos<br \/>\n&#8211; Voltagem: 110v OU 220v (pedir na hora da compra e ver disponibilidade)<\/p>\n<p>**OBS: Precisa utilizar chocolate espec\u00edfico de cascata, dispon\u00edvel em lojas do ramo de chocolate (ex: Cacau Show). Caso n\u00e3o possua este chocolate espec\u00edfico, pode utilizar chocolate normal desde que adicione uma colher de sopa de \u00f3leo de granola ou de Canola ao chocolate. Colocar o chocolate j\u00e1 derretido, a cascata vai apenas manter o derretimento.<\/p>\n","protected":false},"featured_media":3680,"template":"","meta":[],"_links":{"self":[{"href":"https:\/\/aluguefesta.net.br\/index.php\/wp-json\/wp\/v2\/product\/3679"}],"collection":[{"href":"https:\/\/aluguefesta.net.br\/index.php\/wp-json\/wp\/v2\/product"}],"about":[{"href":"https:\/\/aluguefesta.net.br\/index.php\/wp-json\/wp\/v2\/types\/product"}],"wp:featuredmedia":[{"embeddable":true,"href":"https:\/\/aluguefesta.net.br\/index.php\/wp-json\/wp\/v2\/media\/3680"}],"wp:attachment":[{"href":"https:\/\/aluguefesta.net.br\/index.php\/wp-json\/wp\/v2\/media?parent=3679"}],"curies":[{"name":"wp","href":"https:\/\/api.w.org\/{rel}","templated":true}]}}