{"id":3689,"date":"2025-11-08T17:00:01","date_gmt":"2025-11-08T20:00:01","guid":{"rendered":"https:\/\/aluguefesta.net.br\/?post_type=product&#038;p=3689"},"modified":"2025-11-17T11:18:36","modified_gmt":"2025-11-17T14:18:36","slug":"tabuleiro-de-bolo-40cm-mdf-com-pes","status":"publish","type":"product","link":"https:\/\/aluguefesta.net.br\/index.php\/produto\/tabuleiro-de-bolo-40cm-mdf-com-pes\/","title":{"rendered":"TABULEIRO DE BOLO 40cm MDF COM P\u00c9S"},"content":{"rendered":"<p>Fabricado em MDF branco (2 faces)<br \/>\nCom 9mm de espessura<br \/>\nImpermeabiliza\u00e7\u00e3o nas bordas<br \/>\nP\u00e9s com fixa\u00e7\u00e3o por parafusos<br \/>\nPeso m\u00e1ximo suportado de 30kg<br \/>\nCorte preciso e padronizado<br \/>\nAssepsia com \u00e1lcool<\/p>\n","protected":false},"excerpt":{"rendered":"<p>Fabricado em MDF branco (2 faces)<br \/>\nCom 9mm de espessura<br \/>\nImpermeabiliza\u00e7\u00e3o nas bordas<br \/>\nP\u00e9s com fixa\u00e7\u00e3o por parafusos<br \/>\nPeso m\u00e1ximo suportado de 30kg<br \/>\nCorte preciso e padronizado<br \/>\nAssepsia com \u00e1lcool<\/p>\n","protected":false},"featured_media":3691,"template":"","meta":[],"_links":{"self":[{"href":"https:\/\/aluguefesta.net.br\/index.php\/wp-json\/wp\/v2\/product\/3689"}],"collection":[{"href":"https:\/\/aluguefesta.net.br\/index.php\/wp-json\/wp\/v2\/product"}],"about":[{"href":"https:\/\/aluguefesta.net.br\/index.php\/wp-json\/wp\/v2\/types\/product"}],"wp:featuredmedia":[{"embeddable":true,"href":"https:\/\/aluguefesta.net.br\/index.php\/wp-json\/wp\/v2\/media\/3691"}],"wp:attachment":[{"href":"https:\/\/aluguefesta.net.br\/index.php\/wp-json\/wp\/v2\/media?parent=3689"}],"curies":[{"name":"wp","href":"https:\/\/api.w.org\/{rel}","templated":true}]}}