{"id":3832,"date":"2025-11-17T20:46:49","date_gmt":"2025-11-17T23:46:49","guid":{"rendered":"https:\/\/aluguefesta.net.br\/?post_type=product&#038;p=3832"},"modified":"2025-11-24T17:58:39","modified_gmt":"2025-11-24T20:58:39","slug":"micro-bowl-ramaequim-petisqueira-em-cristal-68ml","status":"publish","type":"product","link":"https:\/\/aluguefesta.net.br\/index.php\/produto\/micro-bowl-ramaequim-petisqueira-em-cristal-68ml\/","title":{"rendered":"Micro Bowl Ramaequim Petisqueira em Cristal 68ML"},"content":{"rendered":"<p>Uma pe\u00e7a linda e exclusiva, seus p\u00e9s e a textura em alto relevo proporcionam uma beleza diferenciada.<\/p>\n<p>S\u00e3o perfeitos para compor uma linda mesa de caf\u00e9 da manh\u00e3, servir sobremesa, Mini refei\u00e7\u00f5es em eventos ou aperitivos.<\/p>\n<p>Produzidos em vidro, s\u00e3o resistentes, f\u00e1ceis de limpar e higi\u00eanicos pois n\u00e3o absorvem sabor ou cheiro dos alimentos.<\/p>\n<p>&nbsp;<\/p>\n<p>Capacidade 68ml<\/p>\n","protected":false},"excerpt":{"rendered":"<p>Uma pe\u00e7a linda e exclusiva, seus p\u00e9s e a textura em alto relevo proporcionam uma beleza diferenciada.<\/p>\n<p>S\u00e3o perfeitos para compor uma linda mesa de caf\u00e9 da manh\u00e3, servir sobremesa, Mini refei\u00e7\u00f5es em eventos ou aperitivos.<\/p>\n<p>Produzidos em vidro, s\u00e3o resistentes, f\u00e1ceis de limpar e higi\u00eanicos pois n\u00e3o absorvem sabor ou cheiro dos alimentos.<\/p>\n<p>&nbsp;<\/p>\n<p>Capacidade 68ml<\/p>\n","protected":false},"featured_media":3833,"template":"","meta":[],"_links":{"self":[{"href":"https:\/\/aluguefesta.net.br\/index.php\/wp-json\/wp\/v2\/product\/3832"}],"collection":[{"href":"https:\/\/aluguefesta.net.br\/index.php\/wp-json\/wp\/v2\/product"}],"about":[{"href":"https:\/\/aluguefesta.net.br\/index.php\/wp-json\/wp\/v2\/types\/product"}],"wp:featuredmedia":[{"embeddable":true,"href":"https:\/\/aluguefesta.net.br\/index.php\/wp-json\/wp\/v2\/media\/3833"}],"wp:attachment":[{"href":"https:\/\/aluguefesta.net.br\/index.php\/wp-json\/wp\/v2\/media?parent=3832"}],"curies":[{"name":"wp","href":"https:\/\/api.w.org\/{rel}","templated":true}]}}