{"id":3883,"date":"2025-11-19T04:42:09","date_gmt":"2025-11-19T07:42:09","guid":{"rendered":"https:\/\/aluguefesta.net.br\/?post_type=product&#038;p=3883"},"modified":"2025-12-09T15:20:21","modified_gmt":"2025-12-09T18:20:21","slug":"kit-ano-novo-stylo-mesa-posta-8-pecas-sousplat-prato-garfo-faca-2-tacas-guardanapo-e-porta-guardanapo-copia","status":"publish","type":"product","link":"https:\/\/aluguefesta.net.br\/index.php\/produto\/kit-ano-novo-stylo-mesa-posta-8-pecas-sousplat-prato-garfo-faca-2-tacas-guardanapo-e-porta-guardanapo-copia\/","title":{"rendered":"KIT Ano Novo Stylo Mesa Posta 8 pe\u00e7as : SOUSPLAT + Prato + Garfo + Faca + 2 Ta\u00e7as + Guardanapo e Porta Guardanapo (c\u00f3pia)"},"content":{"rendered":"<p>KIT Ano Novo Stylo Mesa Posta 7 pe\u00e7as : SOUSPLAT + Prato + Garfo + Faca + 2 Ta\u00e7as + Guardanapo e Porta Guardanapo<\/p>\n<p>8 PE\u00c7AS :<\/p>\n<p>2 Ta\u00e7as<\/p>\n<p>Sousplat Marmorizado<\/p>\n<p>Porta Guardanapo Dourado<\/p>\n<p>Guardanapo oxford<\/p>\n<p>Prato Cristal<\/p>\n<p>Faca, Garfo\u00a0 Premium DOURADOS Inox<\/p>\n<p>&nbsp;<\/p>\n","protected":false},"excerpt":{"rendered":"<p>KIT Ano Novo Stylo Mesa Posta 7 pe\u00e7as : SOUSPLAT + Prato + Garfo + Faca + 2 Ta\u00e7as + Guardanapo e Porta Guardanapo<\/p>\n<p>8 PE\u00c7AS :<\/p>\n<p>2 Ta\u00e7as<\/p>\n<p>Sousplat Marmorizado<\/p>\n<p>Porta Guardanapo Dourado<\/p>\n<p>Guardanapo oxford<\/p>\n<p>Prato Cristal<\/p>\n<p>Faca, Garfo\u00a0 Premium DOURADOS Inox<\/p>\n<p>&nbsp;<\/p>\n","protected":false},"featured_media":3884,"template":"","meta":[],"_links":{"self":[{"href":"https:\/\/aluguefesta.net.br\/index.php\/wp-json\/wp\/v2\/product\/3883"}],"collection":[{"href":"https:\/\/aluguefesta.net.br\/index.php\/wp-json\/wp\/v2\/product"}],"about":[{"href":"https:\/\/aluguefesta.net.br\/index.php\/wp-json\/wp\/v2\/types\/product"}],"wp:featuredmedia":[{"embeddable":true,"href":"https:\/\/aluguefesta.net.br\/index.php\/wp-json\/wp\/v2\/media\/3884"}],"wp:attachment":[{"href":"https:\/\/aluguefesta.net.br\/index.php\/wp-json\/wp\/v2\/media?parent=3883"}],"curies":[{"name":"wp","href":"https:\/\/api.w.org\/{rel}","templated":true}]}}