{"id":3980,"date":"2025-12-01T20:18:34","date_gmt":"2025-12-01T23:18:34","guid":{"rendered":"https:\/\/aluguefesta.net.br\/?post_type=product&#038;p=3980"},"modified":"2025-12-01T21:47:11","modified_gmt":"2025-12-02T00:47:11","slug":"fogao-cooktop-eletrica-lenoxx-grand-pratic-pfe353-prateado-110v","status":"publish","type":"product","link":"https:\/\/aluguefesta.net.br\/index.php\/produto\/fogao-cooktop-eletrica-lenoxx-grand-pratic-pfe353-prateado-110v\/","title":{"rendered":"Fog\u00e3o Cooktop el\u00e9trico SAFANELLI prateado 110V"},"content":{"rendered":"<h2 class=\"sc-hKwDye dvgId\" data-testid=\"product-detail-label\">Informa\u00e7\u00f5es do Produto VOLTAGEM 110V<\/h2>\n<ul class=\"ui-vpp-highlighted-specs__features-list\">\n<li class=\"ui-vpp-highlighted-specs__features-list-item ui-pdp-color--BLACK ui-pdp-size--XSMALL ui-pdp-family--REGULAR\">Pot\u00eancia de 2000W.<\/li>\n<li class=\"ui-vpp-highlighted-specs__features-list-item ui-pdp-color--BLACK ui-pdp-size--XSMALL ui-pdp-family--REGULAR\">Com acendimento autom\u00e1tico e 2 queimadores.<\/li>\n<li class=\"ui-vpp-highlighted-specs__features-list-item ui-pdp-color--BLACK ui-pdp-size--XSMALL ui-pdp-family--REGULAR\">A sua superf\u00edcie \u00e9 de a\u00e7o inoxid\u00e1vel.<\/li>\n<li class=\"ui-vpp-highlighted-specs__features-list-item ui-pdp-color--BLACK ui-pdp-size--XSMALL ui-pdp-family--REGULAR\">Controle man\u00edpulos.<\/li>\n<li class=\"ui-vpp-highlighted-specs__features-list-item ui-pdp-color--BLACK ui-pdp-size--XSMALL ui-pdp-family--REGULAR\">Possui 5 n\u00edveis de pot\u00eancia.<\/li>\n<li class=\"ui-vpp-highlighted-specs__features-list-item ui-pdp-color--BLACK ui-pdp-size--XSMALL ui-pdp-family--REGULAR\">Dimens\u00f5es: 50cm de largura x 8cm de altura x 27.5cm de profundidade.<\/li>\n<\/ul>\n","protected":false},"excerpt":{"rendered":"<h2 class=\"sc-hKwDye dvgId\" data-testid=\"product-detail-label\">Informa\u00e7\u00f5es do Produto VOLTAGEM 110V<\/h2>\n<ul class=\"ui-vpp-highlighted-specs__features-list\">\n<li class=\"ui-vpp-highlighted-specs__features-list-item ui-pdp-color--BLACK ui-pdp-size--XSMALL ui-pdp-family--REGULAR\">Pot\u00eancia de 2000W.<\/li>\n<li class=\"ui-vpp-highlighted-specs__features-list-item ui-pdp-color--BLACK ui-pdp-size--XSMALL ui-pdp-family--REGULAR\">Com acendimento autom\u00e1tico e 2 queimadores.<\/li>\n<li class=\"ui-vpp-highlighted-specs__features-list-item ui-pdp-color--BLACK ui-pdp-size--XSMALL ui-pdp-family--REGULAR\">A sua superf\u00edcie \u00e9 de a\u00e7o inoxid\u00e1vel.<\/li>\n<li class=\"ui-vpp-highlighted-specs__features-list-item ui-pdp-color--BLACK ui-pdp-size--XSMALL ui-pdp-family--REGULAR\">Controle man\u00edpulos.<\/li>\n<li class=\"ui-vpp-highlighted-specs__features-list-item ui-pdp-color--BLACK ui-pdp-size--XSMALL ui-pdp-family--REGULAR\">Possui 5 n\u00edveis de pot\u00eancia.<\/li>\n<li class=\"ui-vpp-highlighted-specs__features-list-item ui-pdp-color--BLACK ui-pdp-size--XSMALL ui-pdp-family--REGULAR\">Dimens\u00f5es: 50cm de largura x 8cm de altura x 27.5cm de profundidade.<\/li>\n<\/ul>\n","protected":false},"featured_media":3981,"template":"","meta":[],"_links":{"self":[{"href":"https:\/\/aluguefesta.net.br\/index.php\/wp-json\/wp\/v2\/product\/3980"}],"collection":[{"href":"https:\/\/aluguefesta.net.br\/index.php\/wp-json\/wp\/v2\/product"}],"about":[{"href":"https:\/\/aluguefesta.net.br\/index.php\/wp-json\/wp\/v2\/types\/product"}],"wp:featuredmedia":[{"embeddable":true,"href":"https:\/\/aluguefesta.net.br\/index.php\/wp-json\/wp\/v2\/media\/3981"}],"wp:attachment":[{"href":"https:\/\/aluguefesta.net.br\/index.php\/wp-json\/wp\/v2\/media?parent=3980"}],"curies":[{"name":"wp","href":"https:\/\/api.w.org\/{rel}","templated":true}]}}