{"id":400,"date":"2020-07-29T22:54:30","date_gmt":"2020-07-30T01:54:30","guid":{"rendered":"https:\/\/aluguefesta.net.br\/?post_type=product&#038;p=400"},"modified":"2024-05-14T22:06:46","modified_gmt":"2024-05-15T01:06:46","slug":"jogo-de-bolachas-porta-copos-festa-buteco","status":"publish","type":"product","link":"https:\/\/aluguefesta.net.br\/index.php\/produto\/jogo-de-bolachas-porta-copos-festa-buteco\/","title":{"rendered":"jogo de Bolachas Porta-Copos Festa Buteco"},"content":{"rendered":"<p>Jogo de bolachas em papel\u00e3o com 06 unidades<\/p>\n<p>Ideal para decorar a mesa de buteco em anivers\u00e1rios e confraterniza\u00e7\u00f5es.<\/p>\n<p>Medida : 8cm<\/p>\n<p>*Valor Refere-se ao aluguel de 06 un.<\/p>\n","protected":false},"excerpt":{"rendered":"<p>Jogo de bolachas em papel\u00e3o com 06 unidades<\/p>\n<p>Ideal para decorar a mesa de buteco em anivers\u00e1rios e confraterniza\u00e7\u00f5es.<\/p>\n<p>&nbsp;<\/p>\n","protected":false},"featured_media":401,"template":"","meta":[],"_links":{"self":[{"href":"https:\/\/aluguefesta.net.br\/index.php\/wp-json\/wp\/v2\/product\/400"}],"collection":[{"href":"https:\/\/aluguefesta.net.br\/index.php\/wp-json\/wp\/v2\/product"}],"about":[{"href":"https:\/\/aluguefesta.net.br\/index.php\/wp-json\/wp\/v2\/types\/product"}],"wp:featuredmedia":[{"embeddable":true,"href":"https:\/\/aluguefesta.net.br\/index.php\/wp-json\/wp\/v2\/media\/401"}],"wp:attachment":[{"href":"https:\/\/aluguefesta.net.br\/index.php\/wp-json\/wp\/v2\/media?parent=400"}],"curies":[{"name":"wp","href":"https:\/\/api.w.org\/{rel}","templated":true}]}}