{"id":4163,"date":"2025-12-28T15:19:36","date_gmt":"2025-12-28T18:19:36","guid":{"rendered":"https:\/\/aluguefesta.net.br\/?post_type=product&#038;p=4163"},"modified":"2026-01-07T22:30:49","modified_gmt":"2026-01-08T01:30:49","slug":"taca-venus-premium-espumante-champagne-vinho-branco-225ml","status":"publish","type":"product","link":"https:\/\/aluguefesta.net.br\/index.php\/produto\/taca-venus-premium-espumante-champagne-vinho-branco-225ml\/","title":{"rendered":"Ta\u00e7a Venus ( Premium ) espumante &#8211; Champagne &#8211; vinho branco 225ml"},"content":{"rendered":"<p><span class=\"T286Pc\" data-sfc-cp=\"\" data-complete=\"true\"><strong class=\"Yjhzub\" data-complete=\"true\">Altura:<\/strong> 23,8 cm<\/span><\/p>\n<ul class=\"KsbFXc U6u95\" data-complete=\"true\" data-processed=\"true\">\n<li style=\"text-align: left;\" data-hveid=\"CAUQAg\" data-complete=\"true\" data-sae=\"\">A Ta\u00e7a Venus \u00e9 um modelo de ta\u00e7a de vidro. Essencial para servir com muita classe :\u00a0 champagnes , vinho branco, ros\u00e9, prosecco frisante e ou espumant<\/li>\n<\/ul>\n","protected":false},"excerpt":{"rendered":"<p><span class=\"T286Pc\" data-sfc-cp=\"\" data-complete=\"true\"><strong class=\"Yjhzub\" data-complete=\"true\">Altura:<\/strong> 23,8 cm<\/span><\/p>\n<ul class=\"KsbFXc U6u95\" data-complete=\"true\" data-processed=\"true\">\n<li data-hveid=\"CAUQAg\" data-complete=\"true\" data-sae=\"\">A Ta\u00e7a Venus \u00e9 um modelo de ta\u00e7a de vidro. Essencial para servir com muita classe :\u00a0 champagnes , vinho branco, ros\u00e9, prosecco frisante e ou espumante<\/li>\n<\/ul>\n","protected":false},"featured_media":4165,"template":"","meta":[],"_links":{"self":[{"href":"https:\/\/aluguefesta.net.br\/index.php\/wp-json\/wp\/v2\/product\/4163"}],"collection":[{"href":"https:\/\/aluguefesta.net.br\/index.php\/wp-json\/wp\/v2\/product"}],"about":[{"href":"https:\/\/aluguefesta.net.br\/index.php\/wp-json\/wp\/v2\/types\/product"}],"wp:featuredmedia":[{"embeddable":true,"href":"https:\/\/aluguefesta.net.br\/index.php\/wp-json\/wp\/v2\/media\/4165"}],"wp:attachment":[{"href":"https:\/\/aluguefesta.net.br\/index.php\/wp-json\/wp\/v2\/media?parent=4163"}],"curies":[{"name":"wp","href":"https:\/\/api.w.org\/{rel}","templated":true}]}}