{"id":4248,"date":"2026-02-13T15:20:21","date_gmt":"2026-02-13T18:20:21","guid":{"rendered":"https:\/\/aluguefesta.net.br\/?post_type=product&#038;p=4248"},"modified":"2026-02-13T15:22:03","modified_gmt":"2026-02-13T18:22:03","slug":"xicara-de-cafe-belle-fio-de-ouro-cristal-80ml","status":"publish","type":"product","link":"https:\/\/aluguefesta.net.br\/index.php\/produto\/xicara-de-cafe-belle-fio-de-ouro-cristal-80ml\/","title":{"rendered":"X\u00edcara de Caf\u00e9 Belle Fio de Ouro Cristal 80ml"},"content":{"rendered":"<p>x\u00edcara de Cristal\u00a0 \u00a0acabamento em fio de ouro.<\/p>\n<p>&nbsp;<\/p>\n","protected":false},"excerpt":{"rendered":"<p>x\u00edcara de Cristal\u00a0 \u00a0acabamento em fio de ouro.<\/p>\n","protected":false},"featured_media":4249,"template":"","meta":[],"_links":{"self":[{"href":"https:\/\/aluguefesta.net.br\/index.php\/wp-json\/wp\/v2\/product\/4248"}],"collection":[{"href":"https:\/\/aluguefesta.net.br\/index.php\/wp-json\/wp\/v2\/product"}],"about":[{"href":"https:\/\/aluguefesta.net.br\/index.php\/wp-json\/wp\/v2\/types\/product"}],"wp:featuredmedia":[{"embeddable":true,"href":"https:\/\/aluguefesta.net.br\/index.php\/wp-json\/wp\/v2\/media\/4249"}],"wp:attachment":[{"href":"https:\/\/aluguefesta.net.br\/index.php\/wp-json\/wp\/v2\/media?parent=4248"}],"curies":[{"name":"wp","href":"https:\/\/api.w.org\/{rel}","templated":true}]}}