{"id":4283,"date":"2026-03-02T17:05:10","date_gmt":"2026-03-02T20:05:10","guid":{"rendered":"https:\/\/aluguefesta.net.br\/?post_type=product&#038;p=4283"},"modified":"2026-03-02T17:09:03","modified_gmt":"2026-03-02T20:09:03","slug":"cortina-oxford-branca-com-suporte-ferro-25x3-regulavel","status":"publish","type":"product","link":"https:\/\/aluguefesta.net.br\/index.php\/produto\/cortina-oxford-branca-com-suporte-ferro-25x3-regulavel\/","title":{"rendered":"Cortina Oxford Branca com Suporte ferro 2,5x3M regul\u00e1vel"},"content":{"rendered":"<p>CORTINA COM Suporte de metal regul\u00e1vel<\/p>\n<p>Ideal para Decora\u00e7\u00e3o de Festas e Eventos<\/p>\n<p>composto por 6 pe\u00e7as = 2 p\u00e9s , 2 barras laterais e 1 travess\u00e3o em 2 partes (regulaveis) + Tecido oxford<\/p>\n<p>INSTALA\u00c7\u00c3O E MONTAGEM n\u00e3o inclusa<\/p>\n<p>FOTO ILUSTRATIVA &#8211; DECORA\u00c7\u00c3O NAO INCLUSA &#8211; PRE\u00c7O REFERE-SE A APENAS O SUPORTE COM A CORTINA<\/p>\n","protected":false},"excerpt":{"rendered":"<p>CORTINA COM Suporte de metal regul\u00e1vel<\/p>\n<p>Ideal para Decora\u00e7\u00e3o de Festas e Eventos<\/p>\n<p>composto por 6 pe\u00e7as = 2 p\u00e9s , 2 barras laterais e 1 travess\u00e3o em 2 partes (regulaveis) + Tecido oxford<\/p>\n<p>INSTALA\u00c7\u00c3O E MONTAGEM n\u00e3o inclusa<\/p>\n<p>FOTO ILUSTRATIVA &#8211; DECORA\u00c7\u00c3O NAO INCLUSA &#8211; PRE\u00c7O REFERE-SE A APENAS O SUPORTE COM A CORTINA<\/p>\n","protected":false},"featured_media":4284,"template":"","meta":[],"_links":{"self":[{"href":"https:\/\/aluguefesta.net.br\/index.php\/wp-json\/wp\/v2\/product\/4283"}],"collection":[{"href":"https:\/\/aluguefesta.net.br\/index.php\/wp-json\/wp\/v2\/product"}],"about":[{"href":"https:\/\/aluguefesta.net.br\/index.php\/wp-json\/wp\/v2\/types\/product"}],"wp:featuredmedia":[{"embeddable":true,"href":"https:\/\/aluguefesta.net.br\/index.php\/wp-json\/wp\/v2\/media\/4284"}],"wp:attachment":[{"href":"https:\/\/aluguefesta.net.br\/index.php\/wp-json\/wp\/v2\/media?parent=4283"}],"curies":[{"name":"wp","href":"https:\/\/api.w.org\/{rel}","templated":true}]}}