{"id":4355,"date":"2026-03-31T13:53:12","date_gmt":"2026-03-31T16:53:12","guid":{"rendered":"https:\/\/aluguefesta.net.br\/?post_type=product&#038;p=4355"},"modified":"2026-03-31T13:55:10","modified_gmt":"2026-03-31T16:55:10","slug":"capa-para-arco-suporte-ferro-romano-marsala-x-roxo","status":"publish","type":"product","link":"https:\/\/aluguefesta.net.br\/index.php\/produto\/capa-para-arco-suporte-ferro-romano-marsala-x-roxo\/","title":{"rendered":"CAPA PARA Arco Suporte ferro ROMANO : MARSALA X ROXO"},"content":{"rendered":"<p>O fundo de festa decorativo COR\u00a0 Lisa de 2m x 1m nas coresMARSALA X ROXO \u00e9 perfeito para criar ambientes sofisticados e modernos em qualquer comemora\u00e7\u00e3o. Produzido com material de alta qualidade, \u00e9 resistente e f\u00e1cil de instalar. Ideal para anivers\u00e1rios, casamentos, ch\u00e1s de beb\u00ea e eventos especiais, esse painel proporciona eleg\u00e2ncia e versatilidade \u00e0 decora\u00e7\u00e3o da sua festa.<\/p>\n","protected":false},"excerpt":{"rendered":"<p>O fundo de festa decorativo COR\u00a0 Lisa de 2m x 1m nas cores MARSALA X ROXO \u00e9 perfeito para criar ambientes sofisticados e modernos em qualquer comemora\u00e7\u00e3o. Produzido com material de alta qualidade, \u00e9 resistente e f\u00e1cil de instalar. Ideal para anivers\u00e1rios, casamentos, ch\u00e1s de beb\u00ea e eventos especiais, esse painel proporciona eleg\u00e2ncia e versatilidade \u00e0 decora\u00e7\u00e3o da sua festa.<\/p>\n","protected":false},"featured_media":4356,"template":"","meta":[],"_links":{"self":[{"href":"https:\/\/aluguefesta.net.br\/index.php\/wp-json\/wp\/v2\/product\/4355"}],"collection":[{"href":"https:\/\/aluguefesta.net.br\/index.php\/wp-json\/wp\/v2\/product"}],"about":[{"href":"https:\/\/aluguefesta.net.br\/index.php\/wp-json\/wp\/v2\/types\/product"}],"wp:featuredmedia":[{"embeddable":true,"href":"https:\/\/aluguefesta.net.br\/index.php\/wp-json\/wp\/v2\/media\/4356"}],"wp:attachment":[{"href":"https:\/\/aluguefesta.net.br\/index.php\/wp-json\/wp\/v2\/media?parent=4355"}],"curies":[{"name":"wp","href":"https:\/\/api.w.org\/{rel}","templated":true}]}}