{"id":4415,"date":"2026-04-20T03:28:38","date_gmt":"2026-04-20T06:28:38","guid":{"rendered":"https:\/\/aluguefesta.net.br\/?post_type=product&#038;p=4415"},"modified":"2026-04-20T03:43:33","modified_gmt":"2026-04-20T06:43:33","slug":"frigideira-paella-paelleira-40cm-7l","status":"publish","type":"product","link":"https:\/\/aluguefesta.net.br\/index.php\/produto\/frigideira-paella-paelleira-40cm-7l\/","title":{"rendered":"Frigideira Paella Paelleira 40cm 7l"},"content":{"rendered":"<p>Frigideira Paellera Antiaderente 7L \u2013 Ideal para Paellas e Culin\u00e1ria Espanhola A Frigideira Paellera Antiaderente \u00e9 a escolha perfeita para quem quer trazer o sabor aut\u00eantico da paella espanhola para sua cozinha. Com 7 litros de capacidade, oferece espa\u00e7o e profundidade ideais para o preparo de por\u00e7\u00f5es generosas, proporcionando cozimento uniforme e r\u00e1pido dos alimentos. Destaques do Produto: Revestimento Antiaderente: Garante que os alimentos n\u00e3o grudem, tornando o preparo e a limpeza muito mais pr\u00e1ticos.<\/p>\n<p>&nbsp;<\/p>\n<p>40 cm<\/p>\n","protected":false},"excerpt":{"rendered":"<p>Frigideira Paellera Antiaderente 7L \u2013 Ideal para Paellas e Culin\u00e1ria Espanhola A Frigideira Paellera Antiaderente \u00e9 a escolha perfeita para quem quer trazer o sabor aut\u00eantico da paella espanhola para sua cozinha. Com 7 litros de capacidade, oferece espa\u00e7o e profundidade ideais para o preparo de por\u00e7\u00f5es generosas, proporcionando cozimento uniforme e r\u00e1pido dos alimentos. Destaques do Produto: Revestimento Antiaderente: Garante que os alimentos n\u00e3o grudem, tornando o preparo e a limpeza muito mais pr\u00e1ticos.<\/p>\n<p>&nbsp;<\/p>\n<p>40 cm<\/p>\n","protected":false},"featured_media":4416,"template":"","meta":[],"_links":{"self":[{"href":"https:\/\/aluguefesta.net.br\/index.php\/wp-json\/wp\/v2\/product\/4415"}],"collection":[{"href":"https:\/\/aluguefesta.net.br\/index.php\/wp-json\/wp\/v2\/product"}],"about":[{"href":"https:\/\/aluguefesta.net.br\/index.php\/wp-json\/wp\/v2\/types\/product"}],"wp:featuredmedia":[{"embeddable":true,"href":"https:\/\/aluguefesta.net.br\/index.php\/wp-json\/wp\/v2\/media\/4416"}],"wp:attachment":[{"href":"https:\/\/aluguefesta.net.br\/index.php\/wp-json\/wp\/v2\/media?parent=4415"}],"curies":[{"name":"wp","href":"https:\/\/api.w.org\/{rel}","templated":true}]}}

<p>Frigideira Paellera Antiaderente 7L – Ideal para Paellas e Culinária Espanhola A Frigideira Paellera Antiaderente é a escolha perfeita para quem quer trazer o sabor autêntico da paella espanhola para sua cozinha. Com 7 litros de capacidade, oferece espaço e profundidade ideais para o preparo de porções generosas, proporcionando cozimento uniforme e rápido dos alimentos. Destaques do Produto: Revestimento Antiaderente: Garante que os alimentos não grudem, tornando o preparo e a limpeza muito mais práticos.</p>
<p>&nbsp;</p>
<p>40 cm</p>
