{"id":4418,"date":"2026-04-20T03:44:14","date_gmt":"2026-04-20T06:44:14","guid":{"rendered":"https:\/\/aluguefesta.net.br\/?post_type=product&#038;p=4418"},"modified":"2026-04-20T04:23:53","modified_gmt":"2026-04-20T07:23:53","slug":"rechaud-para-paella-paellera-chapa-redondo-inox-profissional-savoy-40cm","status":"publish","type":"product","link":"https:\/\/aluguefesta.net.br\/index.php\/produto\/rechaud-para-paella-paellera-chapa-redondo-inox-profissional-savoy-40cm\/","title":{"rendered":"Rechaud para Paella Paellera Chapa Redondo Inox Profissional Savoy 40cm"},"content":{"rendered":"<p>Dimens\u00f5es<br \/>\nLargura: 40 cm<br \/>\nAltura: 15 cm<\/p>\n<p>Frigideira Paellera Antiaderente 7L \u2013 Ideal para Paellas e Culin\u00e1ria Espanhola A Frigideira Paellera Antiaderente \u00e9 a escolha perfeita para quem quer trazer o sabor aut\u00eantico da paella espanhola para sua cozinha. Com 7 litros de capacidade, oferece espa\u00e7o e profundidade ideais para o preparo de por\u00e7\u00f5es generosas, proporcionando cozimento uniforme e r\u00e1pido dos alimentos. Destaques do Produto: Revestimento Antiaderente: Garante que os alimentos n\u00e3o grudem, tornando o preparo e a limpeza muito mais pr\u00e1ticos.<\/p>\n<p>&nbsp;<\/p>\n<p>40 cm<\/p>\n","protected":false},"excerpt":{"rendered":"<p>Dimens\u00f5es<br \/>\nLargura: 40 cm<br \/>\nAltura: 15 cm<\/p>\n<p>Frigideira Paellera Antiaderente 7L \u2013 Ideal para Paellas e Culin\u00e1ria Espanhola A Frigideira Paellera Antiaderente \u00e9 a escolha perfeita para quem quer trazer o sabor aut\u00eantico da paella espanhola para sua cozinha. Com 7 litros de capacidade, oferece espa\u00e7o e profundidade ideais para o preparo de por\u00e7\u00f5es generosas, proporcionando cozimento uniforme e r\u00e1pido dos alimentos. Destaques do Produto: Revestimento Antiaderente: Garante que os alimentos n\u00e3o grudem, tornando o preparo e a limpeza muito mais pr\u00e1ticos.<\/p>\n<p>&nbsp;<\/p>\n<p>40 cm<\/p>\n","protected":false},"featured_media":4419,"template":"","meta":[],"_links":{"self":[{"href":"https:\/\/aluguefesta.net.br\/index.php\/wp-json\/wp\/v2\/product\/4418"}],"collection":[{"href":"https:\/\/aluguefesta.net.br\/index.php\/wp-json\/wp\/v2\/product"}],"about":[{"href":"https:\/\/aluguefesta.net.br\/index.php\/wp-json\/wp\/v2\/types\/product"}],"wp:featuredmedia":[{"embeddable":true,"href":"https:\/\/aluguefesta.net.br\/index.php\/wp-json\/wp\/v2\/media\/4419"}],"wp:attachment":[{"href":"https:\/\/aluguefesta.net.br\/index.php\/wp-json\/wp\/v2\/media?parent=4418"}],"curies":[{"name":"wp","href":"https:\/\/api.w.org\/{rel}","templated":true}]}}

<p>Dimensões<br />
Largura: 40 cm<br />
Altura: 15 cm</p>
<p>Frigideira Paellera Antiaderente 7L – Ideal para Paellas e Culinária Espanhola A Frigideira Paellera Antiaderente é a escolha perfeita para quem quer trazer o sabor autêntico da paella espanhola para sua cozinha. Com 7 litros de capacidade, oferece espaço e profundidade ideais para o preparo de porções generosas, proporcionando cozimento uniforme e rápido dos alimentos. Destaques do Produto: Revestimento Antiaderente: Garante que os alimentos não grudem, tornando o preparo e a limpeza muito mais práticos.</p>
<p>&nbsp;</p>
<p>40 cm</p>
