{"id":4421,"date":"2026-04-20T04:24:27","date_gmt":"2026-04-20T07:24:27","guid":{"rendered":"https:\/\/aluguefesta.net.br\/?post_type=product&#038;p=4421"},"modified":"2026-04-20T04:28:00","modified_gmt":"2026-04-20T07:28:00","slug":"rechaud-para-caldos-caldereta-basico-aluminiopremium-unitario-65l","status":"publish","type":"product","link":"https:\/\/aluguefesta.net.br\/index.php\/produto\/rechaud-para-caldos-caldereta-basico-aluminiopremium-unitario-65l\/","title":{"rendered":"Rechaud para caldos Caldereta B\u00e1sico AluminioPremium  Unit\u00e1rio 6,5L"},"content":{"rendered":"<p>Rechaud em alum\u00ednio com tampa, suporte para a panela com descanso para a tampa e queimador a \u00e1lcool.<\/p>\n<p>Ideal para manter os alimentos quentes depois que v\u00e3o para a mesa.<br \/>\n6,5 litros de capacidade.<\/p>\n","protected":false},"excerpt":{"rendered":"<p>Rechaud em alum\u00ednio com tampa, suporte para a panela com descanso para a tampa e queimador a \u00e1lcool.<\/p>\n<p>Ideal para manter os alimentos quentes depois que v\u00e3o para a mesa.<br \/>\n6,5 litros de capacidade.<\/p>\n","protected":false},"featured_media":4422,"template":"","meta":[],"_links":{"self":[{"href":"https:\/\/aluguefesta.net.br\/index.php\/wp-json\/wp\/v2\/product\/4421"}],"collection":[{"href":"https:\/\/aluguefesta.net.br\/index.php\/wp-json\/wp\/v2\/product"}],"about":[{"href":"https:\/\/aluguefesta.net.br\/index.php\/wp-json\/wp\/v2\/types\/product"}],"wp:featuredmedia":[{"embeddable":true,"href":"https:\/\/aluguefesta.net.br\/index.php\/wp-json\/wp\/v2\/media\/4422"}],"wp:attachment":[{"href":"https:\/\/aluguefesta.net.br\/index.php\/wp-json\/wp\/v2\/media?parent=4421"}],"curies":[{"name":"wp","href":"https:\/\/api.w.org\/{rel}","templated":true}]}}

Rechaud para caldos Caldereta Básico AluminioPremium  Unitário 6,5L

<p>Rechaud em alumínio com tampa, suporte para a panela com descanso para a tampa e queimador a álcool.</p>
<p>Ideal para manter os alimentos quentes depois que vão para a mesa.<br />
6,5 litros de capacidade.</p>
