{"id":4443,"date":"2026-04-27T19:15:36","date_gmt":"2026-04-27T22:15:36","guid":{"rendered":"https:\/\/aluguefesta.net.br\/?post_type=product&#038;p=4443"},"modified":"2026-04-27T19:18:41","modified_gmt":"2026-04-27T22:18:41","slug":"mini-balde-de-aluminio-individual-1-litro","status":"publish","type":"product","link":"https:\/\/aluguefesta.net.br\/index.php\/produto\/mini-balde-de-aluminio-individual-1-litro\/","title":{"rendered":"MINI Balde de Alum\u00ednio individual 1 Litro"},"content":{"rendered":"<h4>MINI Balde de Gelo<\/h4>\n<p>alde 1 Litros em alum\u00ednio puro, com al\u00e7a lateral polida refor\u00e7ada, proporcionando \u00f3tima qualidade, acabamento e durabilidade para o produto. \u00c9 o produto ideal para gelar e conservar a temperatura de sua bebida, ajudando na sua comodidade com muito estilo e eleg\u00e2ncia, combina com qualquer ambiente e decora\u00e7\u00e3o. Medidas: Di\u00e2metro: 16 cm. Altura: 10,5 cm. Base: 11 cm. Capacidade: 1 Litros. Material: Alum\u00ednio.<\/p>\n","protected":false},"excerpt":{"rendered":"<h4>MINI Balde 1 Litros em alum\u00ednio puro, com al\u00e7a lateral polida refor\u00e7ada, proporcionando \u00f3tima qualidade, acabamento e durabilidade para o produto. \u00c9 o produto ideal para gelar e conservar a temperatura de sua bebida, ajudando na sua comodidade com muito estilo e eleg\u00e2ncia, combina com qualquer ambiente e decora\u00e7\u00e3o. Medidas: Di\u00e2metro: 16 cm. Altura: 10,5 cm. Base: 11 cm. Capacidade: 1 Litros. Material: Alum\u00ednio.<\/h4>\n","protected":false},"featured_media":4446,"template":"","meta":[],"_links":{"self":[{"href":"https:\/\/aluguefesta.net.br\/index.php\/wp-json\/wp\/v2\/product\/4443"}],"collection":[{"href":"https:\/\/aluguefesta.net.br\/index.php\/wp-json\/wp\/v2\/product"}],"about":[{"href":"https:\/\/aluguefesta.net.br\/index.php\/wp-json\/wp\/v2\/types\/product"}],"wp:featuredmedia":[{"embeddable":true,"href":"https:\/\/aluguefesta.net.br\/index.php\/wp-json\/wp\/v2\/media\/4446"}],"wp:attachment":[{"href":"https:\/\/aluguefesta.net.br\/index.php\/wp-json\/wp\/v2\/media?parent=4443"}],"curies":[{"name":"wp","href":"https:\/\/api.w.org\/{rel}","templated":true}]}}

MINI Balde de Alumínio individual 1 Litro

<h4>MINI Balde de Gelo</h4>
<p>alde 1 Litros em alumínio puro, com alça lateral polida reforçada, proporcionando ótima qualidade, acabamento e durabilidade para o produto. É o produto ideal para gelar e conservar a temperatura de sua bebida, ajudando na sua comodidade com muito estilo e elegância, combina com qualquer ambiente e decoração. Medidas: Diâmetro: 16 cm. Altura: 10,5 cm. Base: 11 cm. Capacidade: 1 Litros. Material: Alumínio.</p>

<h4>MINI Balde 1 Litros em alumínio puro, com alça lateral polida reforçada, proporcionando ótima qualidade, acabamento e durabilidade para o produto. É o produto ideal para gelar e conservar a temperatura de sua bebida, ajudando na sua comodidade com muito estilo e elegância, combina com qualquer ambiente e decoração. Medidas: Diâmetro: 16 cm. Altura: 10,5 cm. Base: 11 cm. Capacidade: 1 Litros. Material: Alumínio.</h4>
