{"id":790,"date":"2020-10-05T13:04:03","date_gmt":"2020-10-05T16:04:03","guid":{"rendered":"https:\/\/aluguefesta.net.br\/?post_type=product&#038;p=790"},"modified":"2025-11-07T03:31:59","modified_gmt":"2025-11-07T06:31:59","slug":"caixote-quadrado-p-box-branco","status":"publish","type":"product","link":"https:\/\/aluguefesta.net.br\/index.php\/produto\/caixote-quadrado-p-box-branco\/","title":{"rendered":"Caixote Quadrado P &#8211; Box Branco"},"content":{"rendered":"<p>Caixote na cor branca 24x24cm<\/p>\n<p>Madeira Cor Branco Fosco<\/p>\n<p>Ideal para decora\u00e7\u00e3o r\u00fastica, boho<\/p>\n","protected":false},"excerpt":{"rendered":"<p>Caixote na cor branca 24x24cm<\/p>\n<p>Madeira Cor Branco Fosco<\/p>\n<p>Ideal para decora\u00e7\u00e3o r\u00fastica, boho<\/p>\n","protected":false},"featured_media":558,"template":"","meta":[],"_links":{"self":[{"href":"https:\/\/aluguefesta.net.br\/index.php\/wp-json\/wp\/v2\/product\/790"}],"collection":[{"href":"https:\/\/aluguefesta.net.br\/index.php\/wp-json\/wp\/v2\/product"}],"about":[{"href":"https:\/\/aluguefesta.net.br\/index.php\/wp-json\/wp\/v2\/types\/product"}],"wp:featuredmedia":[{"embeddable":true,"href":"https:\/\/aluguefesta.net.br\/index.php\/wp-json\/wp\/v2\/media\/558"}],"wp:attachment":[{"href":"https:\/\/aluguefesta.net.br\/index.php\/wp-json\/wp\/v2\/media?parent=790"}],"curies":[{"name":"wp","href":"https:\/\/api.w.org\/{rel}","templated":true}]}}